t common divisor of 32 and v.
16
Suppose -4*g = 3*r - 141, 0 = 4*g + 28*r - 26*r - 138. Calculate the highest common factor of 12 and g.
3
Suppose 0 = 2*r + p + 3*p - 158, -334 = -4*r + p. Let z = r - 18. Calculate the greatest common divisor of 5 and z.
5
Suppose -2*t - 62 = 6*w - 8*w, -2*t - 88 = -3*w. Let d be -4 + 238 + 1 + -1. Calculate the highest common factor of d and w.
26
Suppose -4*h = -5*c + 529, -173*h = 4*c - 171*h - 418. Calculate the highest common divisor of c and 231.
21
Let k(x) = -62*x + 37. Let y be k(-6). Let o = -211 + y. What is the highest common divisor of o and 18?
18
Suppose -42*z = -37*z - 30. What is the highest common factor of z and 228?
6
Let s(v) = v**3 + 3*v**2 - 2*v. Suppose -c = c + 4. Let l be s(c). What is the greatest common factor of l and 72?
8
Let d(b) = 4*b**2 + 2*b + 2. Let p be d(3). Suppose 10*g = -g + p. Let y(k) = -k + 32. Let r be y(0). What is the greatest common divisor of g and r?
4
Let c(w) = w + 6. Let b = 4 - 9. Let f be c(b). Let y = -242 - -253. What is the highest common divisor of y and f?
1
Let n(t) = 370*t + 194. Let b be n(8). What is the highest common divisor of b and 38?
38
Let l = -90 + 541. Calculate the greatest common divisor of l and 44.
11
Let l be 1520/32*(-4)/5. Let u = l + 58. What is the greatest common divisor of u and 180?
20
Let m be ((-4)/10)/((-2)/10). Let u = m + 7. Let t be -14*3*(-15)/u. What is the greatest common divisor of t and 28?
14
Let r(n) = -n. Let c be r(-5). Suppose 0*d - c*d + 3*p = -403, -3*p = -4*d + 323. Calculate the highest common divisor of d and 16.
16
Let f(n) = n + 24. Let b be f(-8). Let l be (-4)/b + (-1986)/(-8). What is the highest common divisor of l and 62?
62
Let b be (0 - 0)/(5/((-25)/10)). Suppose -3*t = -3*k - b*k - 411, -5*t = 4*k - 667. What is the greatest common factor of 30 and t?
15
Let l be (2 + 24/(-9))*129. Let r = -54 - l. Let k be 74/(24/12) + 1*-5. Calculate the greatest common factor of k and r.
32
Let y(q) = 4*q**2 + q + 290. Let z be y(0). Suppose z = 4*g + 2*d, g + g - 3*d - 157 = 0. What is the greatest common divisor of 111 and g?
37
Suppose 32 + 88 = 12*v. Calculate the highest common factor of 25 and v.
5
Suppose -129 = 3*u - 7*u + 5*g, 3*g = 3*u - 93. What is the highest common divisor of 338 and u?
26
Suppose 2 - 17 = -5*a. Let v be 20*a*4/48. Suppose -3*k - 15 = 0, 0*n + v*k = -3*n + 17. Calculate the greatest common divisor of n and 7.
7
Suppose 5*h - 2300 = -5*z, 2293 = 5*z + h - 3*h. What is the greatest common divisor of 18 and z?
9
Suppose 3*a + 17*a = 300. What is the highest common factor of a and 24?
3
Suppose 0 = 15*y - 650 + 170. Calculate the highest common divisor of y and 208.
16
Suppose -3*t + 4*t - 18 = 0. Let u(b) = -9*b**2 - 214*b + 84. Let q be u(-24). What is the greatest common factor of t and q?
18
Let u(t) = t**3 + 5*t**2 + 2*t + 9. Let s be u(-5). Let x be 2 - -39 - 3 - (1 - s). What is the greatest common factor of 90 and x?
18
Let l be 4/2 + (52 - -3). Let d = 106 - l. Let i(x) = x**2 - 2. Let t be i(3). Calculate the greatest common divisor of d and t.
7
Suppose 0 = 5*i - 10. Suppose 0 = -i*d - 2*z + 44, 6*d = 5*d - 3*z + 26. What is the greatest common factor of d and 60?
20
Let l be (-65)/(-15)*15*(-18)/(-45). Suppose -461 = -5*w - 6. What is the greatest common divisor of w and l?
13
Suppose 11 = 5*z - 19. Suppose 0 = -3*w - z, -y + 79 = w - 45. Suppose 0 = 7*r - 4*r - y. Calculate the highest common divisor of 28 and r.
14
Let j be (-29)/(-4) - (15/12 + -1). Suppose -6*h - 21 = -j*h. Suppose -86 - 334 = -4*o. What is the highest common factor of o and h?
21
Let m = 165 + -78. Let l = m - 86. What is the highest common divisor of l and 5?
1
Suppose 0 = -6*w - 8 - 4. Let j(h) = 13*h**3 + 2*h**2 - h - 2. Let x be j(2). Let o be 2 - x/(w/1). Calculate the greatest common divisor of 28 and o.
28
Let k be (-6251)/(-49) - (-2)/(42/9). What is the highest common factor of k and 16?
16
Let x = 362 + -358. What is the greatest common factor of x and 52?
4
Let b be (-2)/6 + (-825)/(-45). Calculate the highest common factor of b and 144.
18
Suppose -4*b + 5*q = -183, -b + q + 62 = 3*q. What is the greatest common divisor of b and 442?
26
Let f = 8 + -6. Suppose -4*k - 3 = -4*p + 13, -5*p - f*k = -6. Let i = 2 - 1. Calculate the highest common factor of p and i.
1
Suppose -5*d + 251 = 3*r + r, 103 = 2*d - r. Let t(c) = -82*c - 475. Let h be t(-6). Calculate the greatest common divisor of h and d.
17
Let a = 34 - 19. Let g(d) = -3*d - 1. Let p be g(-7). Suppose 65 = q + p. What is the highest common factor of q and a?
15
Let o be (0 + 8)*(-27072)/(-512). Calculate the highest common divisor of 36 and o.
9
Let r = 22 + -14. Suppose 4*i + 388 = 5*d, -2*d + 6*d = -4*i + 332. Suppose 0 = p - 5*p + d. Calculate the highest common divisor of p and r.
4
Let j(r) be the third derivative of -r**6/120 - r**5/60 - r**4/12 - r**3 - r**2 + 6. Let z be j(-3). Calculate the highest common divisor of 126 and z.
18
Let i(l) = l**2 - 3*l + 2. Let d be i(7). Calculate the highest common divisor of d and 96.
6
Let h = 218 + -190. What is the greatest common factor of 14 and h?
14
Let o(y) = -19*y**3 + y. Let i(d) = -d**3 - 5*d**2 + 6*d - 1. Let g be i(-6). Let j be o(g). Calculate the greatest common divisor of 198 and j.
18
Let p(g) = -210*g + 24. Let k be p(-4). Suppose -2*m + k = 2*m. Calculate the highest common divisor of m and 27.
27
Let i(z) = z + 12. Let d be i(-11). Let x be 111/9 + 2 + d/(-3). What is the greatest common divisor of x and 98?
14
Let v be ((5 - 0) + 7/28)*4. Calculate the greatest common divisor of v and 147.
21
Let a = 1909 + -937. What is the highest common factor of 144 and a?
36
Let x be -194*-5*(-1)/(-10). What is the highest common factor of x and 1552?
97
Let v = -346 + 363. Let u(l) = -30*l + 1. Let h be u(-3). Suppose -h = -5*r + 2*b - 4*b, b = 3*r - 48. Calculate the greatest common factor of r and v.
17
Let n(s) = 6*s - 48. Let m be n(10). What is the greatest common divisor of 36 and m?
12
Suppose -t + 2*t = 0. Suppose -o = 3*u - t*u - 252, u = 3*o + 94. Suppose 119 = -23*y + 30*y. What is the highest common factor of u and y?
17
Suppose -a + 30 - 8 = 4*o, 5*o = -5. Suppose -a*x + 572 = -22*x. What is the highest common divisor of x and 26?
13
Let h(s) = -2*s**3 + 9*s**2 + 9. Let m be h(7). Let k = 482 + m. Let d = k + -156. Calculate the highest common factor of d and 18.
18
Suppose s = -4*s + 30. Let c(i) = 39*i + 6. Let a be c(s). Suppose -51 = -2*y + 9. What is the greatest common divisor of y and a?
30
Let j(o) = -2*o - 7. Let d be j(-5). Let q = d + -3. Let v(i) = i**3 - i**2 + 160. Let g be v(q). What is the greatest common divisor of 20 and g?
20
Let p(o) = o. Let u(w) = 91*w + 2. Let n(f) = 5*p(f) - u(f). Let g be n(-1). Calculate the highest common factor of g and 63.
21
Let f(q) = 5*q**2 + 1. Let z be f(5). Let n be ((-12)/7)/((-18)/z). Calculate the highest common divisor of 6 and n.
6
Let r(l) = -l**3 - 8*l**2 - 6*l + 9. Let g be r(-7). Suppose u = -3 + g. Let n be ((-14)/10 - u)*-35. Calculate the greatest common factor of n and 70.
14
Let g(l) = -l**3 + 10*l**2 - 9*l + 5. Let q be g(9). Let v be (10 - 4)*q/2. Let d be 31/2 + v/(-30). What is the highest common divisor of 5 and d?
5
Let o = -32 - -20. Suppose -2*p + 0*p - 2*h = 18, 4*p - 2*h = -30. Let x = p - o. Calculate the greatest common divisor of x and 4.
4
Let b be 20/110 + 106/22. Suppose -b*s + 30 - 5 = 0. Suppose -s = 2*d - 7*d. What is the highest common factor of d and 9?
1
Suppose -2*p - 3*r - 3 = 0, 2*p + r - 9 = 2*r. Suppose 3*x - 26 = -5*z, 2*z + p*x - 1 = 4. Calculate the greatest common factor of z and 7.
7
Let m be (-1)/2 - (-1)/(-2). Let c be (-66)/m - (8 + -5). Calculate the greatest common factor of 7 and c.
7
Suppose 3*d + 0*d = -78. Let y = d + 42. What is the greatest common factor of 4 and y?
4
Suppose -131 = -3*b - 4*l, -455 = 6*b - 16*b + 5*l. Calculate the greatest common divisor of b and 4905.
45
Suppose -c + k - 1 = 0, k + k - 1 = 3*c. Let p be (6 - -19) + c/2*6. What is the highest common divisor of p and 42?
14
Suppose 2*s - 5*z + 79 = 0, 0*z + 4*z = -3*s - 176. Let a = s + 87. Let r(o) = -6*o + 2. Let p be r(-2). Calculate the greatest common divisor of a and p.
7
Let x = 